?
3
What is the units digit of 9648713072?
2
What is the thousands digit of 46841585?
1
What is the millions digit of 2712880333?
2
What is the units digit of 82313963?
3
What is the billions digit of 1195473644?
1
What is the billions digit of 1244978800?
1
What is the tens digit of 20049048?
4
What is the thousands digit of 66670935?
0
What is the hundred thousands digit of 11729602?
7
What is the ten thousands digit of 53305534?
0
What is the ten thousands digit of 34234812?
3
What is the thousands digit of 1372426647?
6
What is the millions digit of 111045657?
1
What is the millions digit of 156342632?
6
What is the hundreds digit of 904286912?
9
What is the tens digit of 1206179957?
5
What is the hundred thousands digit of 6736645?
7
What is the thousands digit of 353521701?
1
What is the hundreds digit of 187858941?
9
What is the hundred thousands digit of 2181930748?
9
What is the hundreds digit of 1200039819?
8
What is the tens digit of 1186306740?
4
What is the thousands digit of 733040?
3
What is the units digit of 4229987?
7
What is the thousands digit of 1695144687?
4
What is the hundred thousands digit of 208795278?
7
What is the millions digit of 323916268?
3
What is the units digit of 797963653?
3
What is the ten millions digit of 322639862?
2
What is the hundreds digit of 942686786?
7
What is the thousands digit of 42240008?
0
What is the hundred thousands digit of 3350261160?
2
What is the hundreds digit of 674186?
1
What is the tens digit of 681068654?
5
What is the tens digit of 6662311?
1
What is the millions digit of 108316934?
8
What is the ten thousands digit of 3279288478?
8
What is the tens digit of 73322081?
8
What is the ten thousands digit of 877933227?
3
What is the hundred thousands digit of 438617215?
6
What is the millions digit of 14046126?
4
What is the tens digit of 753845059?
5
What is the hundreds digit of 2851252885?
8
What is the units digit of 20020357?
7
What is the hundreds digit of 66712881?
8
What is the hundreds digit of 1124988765?
7
What is the thousands digit of 416249512?
9
What is the ten thousands digit of 32152058?
5
What is the millions digit of 96927048?
6
What is the units digit of 5738742169?
9
What is the ten thousands digit of 281272388?
7
What is the units digit of 215514794?
4
What is the tens digit of 71575394?
9
What is the thousands digit of 3464231732?
1
What is the tens digit of 2289351230?
3
What is the hundreds digit of 79927227?
2
What is the hundreds digit of 147129176?
1
What is the hundred thousands digit of 1262996412?
9
What is the ten millions digit of 70775147?
7
What is the thousands digit of 481238134?
8
What is the hundred millions digit of 264669316?
2
What is the hundred thousands digit of 8015931?
0
What is the millions digit of 802709621?
2
What is the millions digit of 1152318?
1
What is the ten millions digit of 184909446?
8
What is the ten millions digit of 1635432436?
3
What is the thousands digit of 2638926955?
6
What is the tens digit of 275856742?
4
What is the hundreds digit of 22133831?
8
What is the hundred millions digit of 7025454921?
0
What is the hundreds digit of 48251195?
1
What is the tens digit of 14604483?
8
What is the ten millions digit of 348069997?
4
What is the ten thousands digit of 80682153?
8
What is the ten millions digit of 696993684?
9
What is the tens digit of 52474977?
7
What is the ten thousands digit of 935525029?
2
What is the hundreds digit of 3326348887?
8
What is the ten thousands digit of 232482625?
8
What is the ten thousands digit of 172747346?
4
What is the ten thousands digit of 368952526?
5
What is the tens digit of 199141050?
5
What is the thousands digit of 3190437071?
7
What is the hundred millions digit of 844246011?
8
What is the millions digit of 1691130472?
1
What is the hundreds digit of 991659071?
0
What is the millions digit of 69957238?
9
What is the ten thousands digit of 923525399?
2
What is the ten thousands digit of 239247194?
4
What is the hundred millions digit of 1915051983?
9
What is the tens digit of 21594485?
8
What is the units digit of 939156081?
1
What is the ten thousands digit of 1442362408?
6
What is the thousands digit of 104154538?
4
What is the tens digit of 59106710?
1
What is the thousands digit of 287157903?
7
What is the hundred millions digit of 445476051?
4
What is the millions digit of 27905805?
7
What is the hundreds digit of 237224894?
8
What is the ten millions digit of 1441224753?
4
What is the units digit of 166291103?
3
What is the hundreds digit of 47798692?
6
What is the hundred thousands digit of 45375582?
3
What is the units digit of 5304251?
1
What is the millions digit of 5774282248?
4
What is the ten thousands digit of 1496674758?
7
What is the hundreds digit of 34463122?
1
What is the tens digit of 55513914?
1
What is the ten millions digit of 29017073?
2
What is the tens digit of 158714354?
5
What is the units digit of 59611055?
5
What is the millions digit of 26914810?
6
What is the thousands digit of 530534961?
4
What is the hundred thousands digit of 125205596?
2
What is the ten thousands digit of 952134548?
3
What is the units digit of 26333199?
9
What is the units digit of 338230707?
7
What is the units digit of 67100944?
4
What is the millions digit of 2409956191?
9
What is the hundreds digit of 231299016?
0
What is the ten thousands digit of 389459536?
5
What is the millions digit of 2732840311?
2
What is the ten thousands digit of 38643510?
4
What is the billions digit of 2715030230?
2
What is the ten thousands digit of 104464122?
6
What is the millions digit of 85286169?
5
What is the ten thousands digit of 3006695?
0
What is the ten millions digit of 182119155?
8
What is the units digit of 3665409256?
6
What is the units digit of 24502222?
2
What is the ten thousands digit of 2003350509?
5
What is the hundred millions digit of 3391516978?
3
What is the tens digit of 2298404816?
1
What is the hundred thousands digit of 74851524?
8
What is the units digit of 5619720628?
8
What is the tens digit of 3392196665?
6
What is the ten millions digit of 14458751?
1
What is the units digit of 126477576?
6
What is the hundreds digit of 76390966?
9
What is the thousands digit of 345337916?
7
What is the ten millions digit of 988954310?
8
What is the units digit of 71076736?
6
What is the ten thousands digit of 876825707?
2
What is the tens digit of 121258265?
6
What is the ten thousands digit of 127503978?
0
What is the thousands digit of 5217965?
7
What is the hundred thousands digit of 33470402?
4
What is the thousands digit of 728250479?
0
What is the ten thousands digit of 6378574431?
7
What is the ten thousands digit of 185764996?
6
What is the hundred millions digit of 790539946?
7
What is the ten thousands digit of 720381117?
8
What is the thousands digit of 49121411?
1
What is the tens digit of 155344105?
0
What is the tens digit of 641581550?
5
What is the units digit of 64452097?
7
What is the hundred thousands digit of 75715559?
7
What is the ten millions digit of 1106241972?
0
What is the hundred millions digit of 1211919864?
2
What is the ten thousands digit of 56918740?
1
What is the ten thousands digit of 3779708299?
0
What is the tens digit of 599644381?
8
What is the tens digit of 2577283569?
6
What is the hundred thousands digit of 2898223630?
2
What is the millions digit of 867927561?
7
What is the units digit of 39627526?
6
What is the billions digit of 1773423453?
1
What is the hundred thousands digit of 4559889366?
8
What is the hundred thousands digit of 23789203?
7
What is the ten millions digit of 192175434?
9
What is the ten millions digit of 169266503?
6
What is the thousands digit of 1908810559?
0
What is the units digit of 122370880?
0
What is the millions digit of 13983378?
3
What is the tens digit of 233094356?
5
What is the ten millions digit of 554814658?
5
What is the millions digit of 1361504001?
1
What is the hundred millions digit of 599468422?
5
What is the millions digit of 115641689?
5
What is the hundred thousands digit of 1608957957?
9
What is the units digit of 812890900?
0
What is the ten millions digit of 208580837?
0
What is the hundred millions digit of 383212046?
3
What is the ten thousands digit of 125884428?
8
What is 